i) = -3*i - 1. Determine s(t).
-16
Let p be (0 + 2)*(-6)/(-4). Let i(j) = 7*j**p - 5 + j**2 - 4*j**2 + 4*j - 8*j**3. What is i(-4)?
-5
Let m = 15 + -9. Let f(o) = 2 + m*o - 6*o - 3*o. Give f(-2).
8
Suppose 0 = 3*s - 8*s + 10. Suppose -7*g + 2 = -6*g. Let h(c) = s + g*c + 0*c - 2*c - c. Determine h(4).
-2
Let k(l) = -l - 3*l - 17 + 2*l. Let c(h) = h + 9. Let t(q) = -5*c(q) - 3*k(q). Determine t(0).
6
Suppose 5*l - 3*k - 32 = 0, -3*l + 4*k + 28 = -0*l. Let z(n) be the second derivative of n - 3*n**2 + 0 + 1/4*n**4 + 7/6*n**3 - 1/20*n**5. Give z(l).
6
Let b(r) = r + 1. Let w = 0 + -2. Let t be (-3)/(-2)*w/3. Calculate b(t).
0
Suppose -2 = -5*n + 28. Let y(h) = -1 + n + h**3 - 4*h**2 - 2 + h + 1. Determine y(4).
8
Let i(b) = 2*b**3 - b**2 + 9*b. Let o(u) = 3*u**3 + 10*u. Let z = -4 + -2. Let p = 2 + z. Let j(m) = p*i(m) + 3*o(m). Determine j(-5).
5
Let r be (15/40)/(18/4). Let o(v) be the third derivative of 0*v + 2*v**2 - r*v**4 + 0 + 1/2*v**3. Determine o(2).
-1
Let l(s) be the third derivative of s**5/60 - 5*s**4/24 - 5*s**3/6 - 5*s**2. Give l(6).
1
Let b(w) = w**3 - 5*w - 9 + w**2 + 8 + 4*w**2 + 0*w**2. Give b(-6).
-7
Suppose -o + 4 = 4*n - 7, 5*o = n + 13. Let j = o - -2. Let q(u) = u. Let z(a) = a**2 - 2*a + 7. Let m(i) = 6*q(i) - z(i). Determine m(j).
8
Let o be -5*(4 + (0 - 2)). Let g be 5*(24/o)/(-2). Let z = 1 - g. Let i(b) = -b**2 - 3*b + 5. Determine i(z).
-5
Let d(s) = s. Suppose a - 18 = -4. Let f(l) = 2 + 2 - 5 + 3*l. Let i(p) = a*d(p) - 4*f(p). Determine i(-4).
-4
Suppose -2*x - x = 4*v + 10, 0 = 3*x + 3*v + 6. Suppose 9 = f + x*f. Let y(g) = -3*g**f + 2*g**3 + g**2 + 2 + 4. Give y(0).
6
Let a(z) = -z**2 + 11*z + 5. Let n(j) = j - 1. Let g(k) = -1. Let b(x) = 2*g(x) - n(x). Let y(l) = -a(l) - 5*b(l). What is y(5)?
-5
Let l(y) = -y**3 + y + 2. Suppose -8*f = -3*f + 10, -d + 4*f + 10 = 0. Suppose a = -5*u + 16, -u - 4*a + 9 = d. Let b = u - 3. Determine l(b).
2
Suppose -2*z + 2*c = -6, -z + 4*z + 3*c + 3 = 0. Let g(l) = 4*l. Calculate g(z).
4
Let s(l) be the second derivative of -3*l + 0 - 1/2*l**3 + 1/6*l**4 - 3/2*l**2. Let w(d) be the first derivative of s(d). What is w(2)?
5
Suppose 4*w - 5*w + 4 = 0. Let c(k) = -k**2 - k. Let o(z) = 6*z**2 + 3*z + 3. Let b(p) = -5*c(p) - o(p). Determine b(w).
-11
Let k(h) be the first derivative of -h**4/4 - h**3/3 - h**2/2 + 13*h + 1. Let v be ((-4)/2 + 2)/(60/30). Give k(v).
13
Let p(f) = -f**2 - 17*f - 1 + 31*f - 10*f + 0. What is p(3)?
2
Let t(h) = -2*h - 44. Let q(w) = w + 22. Let s(p) = -7*q(p) - 3*t(p). Calculate s(0).
-22
Let o(h) be the second derivative of h**4/3 - h**3/6 + 3*h. Let g(c) = -c**2 + 2*c + 2. Let t be g(4). Let z(a) = a**2 + 5*a - 7. Let d be z(t). Determine o(d).
5
Let i(o) be the first derivative of -o**3/3 - 3*o**2/2 - 3*o + 10. Determine i(-4).
-7
Let g(b) = -b - 15. Let s(f) = f + 13. Let p(c) = -3*g(c) - 4*s(c). What is p(-8)?
1
Let w be (-8)/(-6)*(0 + 3). Let m(p) = -3*p + 2. Calculate m(w).
-10
Suppose -o - 4*o - 12 = -3*z, -2*o + 3*z = 12. Let c(r) be the first derivative of -3 + 1/2*r**2 + o*r. Give c(2).
2
Let n(s) = -s**3 + s - 8. Let i = 0 - 0. Suppose i = 3*b - h - 3, h - 2*h = -b + 1. Let u(q) = -q**2 + 2*q - 1. Let p be u(b). Calculate n(p).
-8
Let t(a) = 2*a + 11. Let s(m) = 0*m + 6 + 2*m - 4*m - 16. Let b(y) = 5*s(y) + 4*t(y). Calculate b(-4).
2
Suppose 3*f + 0*f = -12. Let w(n) = 3*n + 4. Give w(f).
-8
Let v be (6 - 3)*(2 + -1). Let p(r) = -13*r**3 + 25*r**2 + r + 17. Let b(o) = 6*o**2 + o - o + 4 - 3*o**3. Let t(f) = 9*b(f) - 2*p(f). Calculate t(v).
5
Let x(p) be the second derivative of -p + 0 - 5/6*p**3 - 1/20*p**5 - 5/12*p**4 - 2*p**2. Give x(-4).
0
Let y(c) = 2 - 10 + 0 - c. Give y(-6).
-2
Let m(r) be the first derivative of -1/2*r**2 + 4 + r - 1/3*r**3 + r**4. What is m(1)?
3
Let h be (-45)/(-2)*2/3. Let w be (-9)/h - (-2)/(-5). Let g(u) = u**3 + u + 1. Calculate g(w).
-1
Let z(u) be the third derivative of -u**3 + 1/60*u**5 - 3*u**2 + 0 - 1/4*u**4 + 0*u. Give z(6).
-6
Suppose 19*v = 22*v, 2*y - 10 = -4*v. Let o(i) = 2*i - 5. Let x be o(4). Let c(w) = w + 4 + 3*w - x*w. Determine c(y).
9
Let y(q) = -q. Let k(x) = 4*x - 3. Let g(s) = -k(s) - y(s). What is g(4)?
-9
Let m(r) = 2*r + 7. Let l(s) = -23 - 4*s + 0*s + 9. Let x(v) = -4*l(v) - 9*m(v). Give x(-5).
3
Suppose -29 = -c - 0*c. Suppose -5*j + 5*p = -130, -2*j + 4*p + 30 = -26. Let v(k) = -5*k**3 + 4*k**3 + c*k**2 + 5 - 2*k - j*k**2. Give v(5).
-5
Let n(p) be the first derivative of -p**3/3 + 3*p**2 - 4*p + 5. Determine n(6).
-4
Suppose -2*l - 4 = -4*f - 20, 3*l - 4*f - 22 = 0. Let s(u) = u**2 - 5*u - 2. Calculate s(l).
4
Let q(m) = 3*m**2 + 7*m + 5. Let i be q(-4). Let p = -29 + i. Let s(v) = -2*v + 4. Let b(w) = w. Let a(h) = -b(h) - s(h). What is a(p)?
-8
Let m(s) = -s**3 - s**2. Let b(t) = -7*t**3 - 10*t**2 - 4*t - 3. Let n(l) = b(l) - 6*m(l). Determine n(-3).
0
Let v be ((-9)/(-2) - 2)*(-11)/(-55). Let g(i) be the first derivative of v*i**2 + i + 4. Determine g(-2).
-1
Let a(k) = 31*k. Let j(r) = 3*r + 2*r + r. Let w(u) = -6*a(u) + 30*j(u). What is w(-2)?
12
Let m(s) = -5*s**2 - 6*s + 0*s**3 - 6 - s**3 - 2*s**2. Give m(-6).
-6
Let t(u) = -u - 2. Let p be t(1). Let x be (0/3)/(p - -5). Let f(a) = a - a + a - 5. What is f(x)?
-5
Let x(d) = -d**2 - 4*d + 5. Let t be x(-5). Suppose 5*y + t*y = 10. Let o(k) = -5 + 3 - y*k + 0. Determine o(-2).
2
Let m(d) = d**3 + 2*d**2 - 2*d - 2. Let w be m(-2). Suppose w*i = i. Let j(f) = f - 18. What is j(i)?
-18
Suppose -9*s + 12*s = 0. Let l(k) = 2 + 5*k + s - 6*k - k. Calculate l(-3).
8
Suppose -4*g = 2*o - 0*o - 18, -2*o + 2 = -4*g. Let x(u) = 3*u + 6. Let i(n) = -2*n - 3. Let k(d) = 5*i(d) + 3*x(d). Give k(o).
-2
Let m(q) = -q + 1. Suppose -3*a + 2*u = 3*u + 17, -a - 7 = u. Calculate m(a).
6
Let n(w) = w**2 + 6*w + 2. Suppose 0 = 5*r - 2*g - 14, 5*r + 0 - 23 = -g. Suppose -v - 8 = r. Let p be 4*(1 + 27/v). Determine n(p).
-3
Let c(d) = 5*d + 5. Let o = -1 + 2. Let m(r) = 4*r + 4. Let z(h) = h + 1. Let y(b) = o*m(b) - 3*z(b). Let n(l) = c(l) - 3*y(l). Give n(-2).
-2
Let h(g) = g**2 + 2*g. Suppose -2*s - 6 + 0 = 0. Let c be h(s). Let f = 1 + c. Let m(l) = l - 7. Give m(f).
-3
Let y(s) = s**3 + 4*s**2 + s - 4. Let q be y(-4). Let r be ((-20)/q)/((-1)/(-2)). Let v(k) = k - r - 4 + 1. Give v(0).
-8
Let o(c) be the third derivative of c**5/60 - c**4/24 + c**3/3 - 57*c**2. Determine o(0).
2
Suppose 4*z - 4*i = 32, 0*i = -2*z + 4*i + 26. Let q(a) = 11*a + 4*a**z - 18*a + 1 - 3*a**3 - 5*a**2. What is q(6)?
-5
Let q(o) = o**2 - o. Let r be q(2). Let d(j) be the first derivative of 3/2*j**2 + 4 - j. Calculate d(r).
5
Let t(r) = 5*r**2 + 26*r - 26. Let s(c) = -3*c**2 - 17*c + 17. Let d(y) = -8*s(y) - 5*t(y). Let i be d(4). Let a(h) = 3 + 7*h - h - i*h. Calculate a(-2).
-5
Let h(p) be the first derivative of -3/2*p**2 + 4 + p - 1/3*p**3. Calculate h(-5).
-9
Let i(q) be the first derivative of q**4/4 + 4*q**3/3 - 3*q**2 - 3. Let t be i(-5). Let y(k) = k**3 - 4*k**2 - 8*k + 5. Calculate y(t).
-10
Let r = -7 + 13. Suppose -r = -2*c - c. Suppose 0 = -c*m - 10. Let i(x) = x**3 + 4*x**2 - 5*x. Calculate i(m).
0
Let o(n) = -n**3 + 4*n**2 + 4*n - 4. Let b be -4*3/(-18)*6. Let l = b + -9. Let m = 10 + l. Determine o(m).
-9
Let o(z) = z**3 - 5*z**2 - 2*z + 1. Let x be o(6). Suppose 0*u = 5*u - x. Let q(l) = 3*l + 0*l + 0 - 1 - 4*l. What is q(u)?
-6
Let w(s) be the second derivative of -s**4/12 + s**3 - 3*s**2/2 - 2*s. Let y(h) be the first derivative of w(h). Determine y(6).
-6
Let z(j) = -2*j + 4. Let s be z(4). Let v(q) = 2*q**2 + q. Let u be v(1). Let i(w) = -w**3 - 4*w**3 - 3*w**2 + 3*w + 4*w**u + 4. Give i(s).
8
Let d(n) = 12*n + 6. Let t(y) = 6*y + 3. Let l(g) = -4*d(g) + 9*t(g). Give l(-2).
-9
Let f(r) = -r - 1. Let x be f(3). Let j(o) = -o**2 - 2*o + 3. Let d(l) = -3*l**2 - 7*l + 8. Let z(c) = x*d(c) + 11*j(c). Suppose 4*k + 20 = -k. What is z(k)?
-7
Let o(i) = 11*i**2 - 1. Let y be o(1). Let d(f) = -2*f**3 + 3*f**3 - y + 29 + 5*f + 5*f**2 - 17. Determine d(-3).
5
Let d(s) = -2*s + 3. Suppose 15 = -11*c + 14*c. Give d(c).
-7
Let g(v) be the first derivative of v**2/2 + 1. Determine g(-4).
-4
Let m(y) = -y**3 - 7*y**2 - 6*y - 4. Let s(f) = f**2 + 7*f + 9. Let r be s(-6). Let a = r + -4. Let v be 2/(-4)*a*-12. Determine m(v).
-4
Let l(k) = -6*k**2 + k. Let a = -14 - -